{"id":65,"date":"2018-09-30T21:26:26","date_gmt":"2018-09-30T19:26:26","guid":{"rendered":"https:\/\/www.digitalreport.at\/report-youtube\/?page_id=65"},"modified":"2018-09-30T23:03:45","modified_gmt":"2018-09-30T21:03:45","slug":"digitalkonferenz","status":"publish","type":"page","link":"https:\/\/www.digitalreport.at\/report-youtube\/digitalkonferenz\/","title":{"rendered":"Digitalkonferenz"},"content":{"rendered":"<h1 style=\"text-align: center;\">Das Netz, das wir wollen!<\/h1>\n<pre style=\"text-align: center;\"><a href=\"https:\/\/www.digitalreport.at\/wp-content\/uploads\/2018\/09\/LIVE-IN-THE-SUNSHINE.jpg\">&#13;\n<div style=\"width: 870px;\" data-width=\"870\" class=\"ratio-wrap-center\"><div class=\"ratio-box\" style=\"padding-bottom: 56.206896551724% !important;\"><img loading=\"lazy\" decoding=\"async\" class=\"size-notumn_lg_full_thumb wp-image-364 aligncenter lazyload\" alt=\"\" width=\"870\" height=\"489\" data-src=\"https:\/\/www.digitalreport.at\/wp-content\/uploads\/2018\/09\/LIVE-IN-THE-SUNSHINE-870x489.jpg\"><\/img><\/div><\/div><\/a><\/pre>\n<h2>Tagung f\u00fcr interessierte B\u00fcrgerinnen und B\u00fcrger<\/h2>\n<p><strong>Es ist so weit! Am 1. Oktober findet die Digitalkonferenz in Wien statt: Mit freiem Eintritt\u00a0<\/strong><\/p>\n<p>Drei Millionen \u00d6sterreicherinnen und \u00d6sterreicher sind jeden Tag auf Facebook, das Smartphone ist f\u00fcr viele von uns der st\u00e4ndige Begleiter \u2013 diese praktischen Tools werfen aber auch Fragen auf. Wer entscheidet, welche Neuigkeiten wir online sehen? Was wissen gro\u00dfe Plattformen \u00fcber uns? Und: Wie k\u00f6nnen wir daf\u00fcr sorgen, dass die Diskussionen im Netz fair und respektvoll bleiben (oder werden)?<\/p>\n<p>Um genau solche Fragen soll es bei der Digitalkonferenz am 1. Oktober 2018 gehen \u2013 eine Kooperation zwischen <a href=\"https:\/\/www.vhs.at\/de\/e\/urania\" target=\"_blank\" rel=\"noopener\">VHS Wiener Urania<\/a> und <a href=\"https:\/\/www.digitalchampion.at\/\" target=\"_blank\" rel=\"noopener\">Digital Champion Ingrid Brodnig<\/a>. Die Idee ist, dass interessante Rednerinnen und Redner aus dem In- und Ausland \u00fcber ihre Erfahrungen und ihre Expertise im Netz sprechen und diskutieren. Es werden die dunklen und auch die sch\u00f6nen Seiten beleuchtet \u2013 das Tagesprogramm reicht von Hass bis zu Humor im Internet. Der Titel der Veranstaltung lautet \u201eDas Netz, das wir wollen\u201c. Gemeinsam soll \u00fcber den Status quo im Internet diskutiert werden, aber auch die Frage aufgeworfen werden: Wie soll das Internet in Zukunft aussehen?<\/p>\n<p>Unterst\u00fctzt wird die Digitalkonferenz videotechnisch von <a href=\"http:\/\/www.newsroom.gmbh\/\" target=\"_blank\" rel=\"noopener\">Newsroom GmbH<\/a><\/p>\n<p><strong>Tagungsprogramm:<\/strong><\/p>\n<table width=\"609\">\n<tbody>\n<tr>\n<td width=\"85\">\n<p style=\"text-align: right;\">9 Uhr:<\/p>\n<\/td>\n<td width=\"19\"><\/td>\n<td width=\"505\">Einlass<\/td>\n<\/tr>\n<tr>\n<td width=\"85\">\n<p style=\"text-align: right;\">9.30 Uhr:<\/p>\n<\/td>\n<td width=\"19\"><\/td>\n<td width=\"505\">Er\u00f6ffnung seitens der VHS Wiener Urania &amp; Digital Champion Austria<\/td>\n<\/tr>\n<tr>\n<td width=\"85\">\n<p style=\"text-align: right;\">9.45 Uhr:<\/p>\n<\/td>\n<td width=\"19\"><strong>\u00a0<\/strong><\/td>\n<td width=\"505\">Vorstellung des zweiten Digitalreports, Input von Ingrid Brodnig<\/td>\n<\/tr>\n<tr>\n<td width=\"85\">\n<p style=\"text-align: right;\">10.15 Uhr:<\/p>\n<\/td>\n<td width=\"19\"><\/td>\n<td width=\"505\"><a href=\"http:\/\/gutjahr.biz\/\" target=\"_blank\" rel=\"noopener\">Journalist Richard Gutjahr<\/a>: HASS. Das digitale Gift<\/td>\n<\/tr>\n<tr>\n<td width=\"85\">\n<p style=\"text-align: right;\">11.15 Uhr:<\/p>\n<\/td>\n<td width=\"19\"><\/td>\n<td width=\"505\"><a href=\"https:\/\/noyb.eu\/team\" target=\"_blank\" rel=\"noopener\">Jurist Max Schrems<\/a>: Die Internetriesen und wir \u2013 wie wir Daten sch\u00fctzen k\u00f6nnen<\/td>\n<\/tr>\n<tr>\n<td width=\"85\">\n<p style=\"text-align: right;\">12 Uhr:<\/p>\n<\/td>\n<td width=\"19\"><\/td>\n<td width=\"505\">Mittagspause<\/td>\n<\/tr>\n<tr>\n<td width=\"85\">\n<p style=\"text-align: right;\">13 Uhr:<\/p>\n<\/td>\n<td width=\"19\"><\/td>\n<td width=\"505\"><a href=\"http:\/\/stefaniesargnagel.tumblr.com\/\" target=\"_blank\" rel=\"noopener\">Schriftstellerin Stefanie Sargnagel<\/a>: \u00fcber unlustige und lustige Seiten des Internets<\/td>\n<\/tr>\n<tr>\n<td width=\"85\">\n<p style=\"text-align: right;\">13.30 Uhr:<\/p>\n<\/td>\n<td width=\"19\"><\/td>\n<td width=\"505\"><a href=\"https:\/\/dietagespresse.com\/\" target=\"_blank\" rel=\"noopener\">Fritz Jergitsch (Gr\u00fcnder der \u201eTagespresse\u201c)<\/a> und <a href=\"http:\/\/stefaniesargnagel.tumblr.com\/\" target=\"_blank\" rel=\"noopener\">Stefanie Sargnagel<\/a>: Diskussion \u00fcber Humor im Netz<\/td>\n<\/tr>\n<tr>\n<td width=\"85\">\n<p style=\"text-align: right;\">14.30 Uhr:<\/p>\n<\/td>\n<td width=\"19\"><\/td>\n<td width=\"505\"><a href=\"https:\/\/codeweek.at\/\" target=\"_blank\" rel=\"noopener\">CodeWeek<\/a> und <a href=\"https:\/\/neuwal.com\/\" target=\"_blank\" rel=\"noopener\">neuwal<\/a> \u2013 zwei ambitionierte Projekte aus dem Netz kurz vorgestellt<\/td>\n<\/tr>\n<tr>\n<td width=\"85\">\n<p style=\"text-align: right;\">14.45 Uhr:<\/p>\n<\/td>\n<td width=\"19\"><\/td>\n<td width=\"505\"><a href=\"https:\/\/www.brandstaetterverlag.com\/buch\/feministin-sagt-man-nicht\" target=\"_blank\" rel=\"noopener\">Autorin Hanna Herbst<\/a> im Gespr\u00e4ch: Macht das Netz Frauen m\u00e4chtiger oder ohnm\u00e4chtiger?<\/td>\n<\/tr>\n<tr>\n<td width=\"85\">\n<p style=\"text-align: right;\">16 Uhr:<\/p>\n<\/td>\n<td width=\"19\"><\/td>\n<td width=\"505\">Ende<\/td>\n<\/tr>\n<\/tbody>\n<\/table>\n<p>Moderation: <a href=\"http:\/\/www.missing-link.media\" target=\"_blank\" rel=\"noopener\">Eva Weissenberger<\/a><\/p>\n<p>Einzelne Videos werden im Anschluss ver\u00f6ffentlicht \u2013 Kooperationspartner: Newsroom GmbH<\/p>\n<p>\u00a0<\/p>\n<p><strong>Der Eintritt ist frei! Eine Anmeldung ist erforderlich unter\u00a0<a href=\"mailto:urania@vhs.at\" target=\"_blank\" rel=\"noopener\">urania@vhs.at<\/a><\/strong><\/p>\n<p><span style=\"color: #ff0000;\"><strong>UPDATE: Beim Einlass bitte die Anmeldungsbest\u00e4tigung ausgedruckt mitbringen \u2013 die Veranstaltung ist ausgebucht<\/strong><\/span><\/p>\n<p>Ort: VHS Wiener Urania, Uraniastra\u00dfe 1, Dachsaal<\/p>\n<p><span style=\"color: #000000;\">Hashtag: #DigitalkonferenzAT<\/span><\/p>\n<p>\u00a0<\/p>\n<p>Flyer:<\/p>\n<p><a href=\"https:\/\/www.digitalreport.at\/wp-content\/uploads\/2018\/08\/Hinweis-Digitalkonferenz.jpg\"><div style=\"width: 203px;\" data-width=\"203\" class=\"ratio-wrap-left\"><div class=\"ratio-box\" style=\"padding-bottom: 141.37931034483% !important;\"><img loading=\"lazy\" decoding=\"async\" class=\"alignleft wp-image-355 lazyload\" alt=\"\" width=\"203\" height=\"287\" data-src=\"https:\/\/www.digitalreport.at\/wp-content\/uploads\/2018\/08\/Hinweis-Digitalkonferenz-870x1230.jpg\"><\/img><\/div><\/div><\/a><\/p>\n<p>\u00a0<\/p>\n<p>\u00a0<\/p>\n<p>\u00a0<\/p>\n<p>\u00a0<\/p>\n<p>\u00a0<\/p>\n<p>\u00a0<\/p>\n<p>\u00a0<\/p>\n<p>\u00a0<\/p>\n<p>\u00a0<\/p>\n<p>\u00a0<\/p>\n<p>\u00a0<\/p>\n<p><em>Fotocredits: Ingo Pertramer (Hanna Herbst), Manfred Werner\/CC-BY-SA 3.0 (Fritz Jergitsch), Mathias Vietmeier (Richard Gutjahr), europe-v-facebook.org (Max Schrems), Alexander Goll (Stefanie Sargnagel)<\/em><\/p>","protected":false},"excerpt":{"rendered":"<p>Das Netz, das wir wollen! &#13; Tagung f\u00fcr interessierte B\u00fcrgerinnen und B\u00fcrger Es ist so weit! Am 1. Oktober findet die Digitalkonferenz <span><a class=\"read-more\" href=\"https:\/\/www.digitalreport.at\/report-youtube\/digitalkonferenz\/\">Read More<\/a><\/span><\/p>\n","protected":false},"author":1,"featured_media":0,"parent":0,"menu_order":0,"comment_status":"closed","ping_status":"closed","template":"","meta":{"footnotes":"","twitterCardType":"summary","cardImageID":0,"cardImage":"","cardTitle":"","cardDesc":"","cardImageAlt":"","cardPlayer":"","cardPlayerWidth":0,"cardPlayerHeight":0,"cardPlayerStream":"","cardPlayerCodec":""},"_links":{"self":[{"href":"https:\/\/www.digitalreport.at\/report-youtube\/wp-json\/wp\/v2\/pages\/65"}],"collection":[{"href":"https:\/\/www.digitalreport.at\/report-youtube\/wp-json\/wp\/v2\/pages"}],"about":[{"href":"https:\/\/www.digitalreport.at\/report-youtube\/wp-json\/wp\/v2\/types\/page"}],"author":[{"embeddable":true,"href":"https:\/\/www.digitalreport.at\/report-youtube\/wp-json\/wp\/v2\/users\/1"}],"replies":[{"embeddable":true,"href":"https:\/\/www.digitalreport.at\/report-youtube\/wp-json\/wp\/v2\/comments?post=65"}],"version-history":[{"count":2,"href":"https:\/\/www.digitalreport.at\/report-youtube\/wp-json\/wp\/v2\/pages\/65\/revisions"}],"predecessor-version":[{"id":138,"href":"https:\/\/www.digitalreport.at\/report-youtube\/wp-json\/wp\/v2\/pages\/65\/revisions\/138"}],"wp:attachment":[{"href":"https:\/\/www.digitalreport.at\/report-youtube\/wp-json\/wp\/v2\/media?parent=65"}],"curies":[{"name":"wp","href":"https:\/\/api.w.org\/{rel}","templated":true}]}}

<h1 style="text-align: center;">Das Netz, das wir wollen!</h1>
<pre style="text-align: center;"><a href="https://www.digitalreport.at/wp-content/uploads/2018/09/LIVE-IN-THE-SUNSHINE.jpg">&#13;
<div style="width: 870px;" data-width="870" class="ratio-wrap-center"><div class="ratio-box" style="padding-bottom: 56.206896551724% !important;"><img loading="lazy" decoding="async" class="size-notumn_lg_full_thumb wp-image-364 aligncenter lazyload" alt="" width="870" height="489" data-src="https://www.digitalreport.at/wp-content/uploads/2018/09/LIVE-IN-THE-SUNSHINE-870x489.jpg"></img></div></div></a></pre>
<h2>Tagung für interessierte Bürgerinnen und Bürger</h2>
<p><strong>Es ist so weit! Am 1. Oktober findet die Digitalkonferenz in Wien statt: Mit freiem Eintritt </strong></p>
<p>Drei Millionen Österreicherinnen und Österreicher sind jeden Tag auf Facebook, das Smartphone ist für viele von uns der ständige Begleiter – diese praktischen Tools werfen aber auch Fragen auf. Wer entscheidet, welche Neuigkeiten wir online sehen? Was wissen große Plattformen über uns? Und: Wie können wir dafür sorgen, dass die Diskussionen im Netz fair und respektvoll bleiben (oder werden)?</p>
<p>Um genau solche Fragen soll es bei der Digitalkonferenz am 1. Oktober 2018 gehen – eine Kooperation zwischen <a href="https://www.vhs.at/de/e/urania" target="_blank" rel="noopener">VHS Wiener Urania</a> und <a href="https://www.digitalchampion.at/" target="_blank" rel="noopener">Digital Champion Ingrid Brodnig</a>. Die Idee ist, dass interessante Rednerinnen und Redner aus dem In- und Ausland über ihre Erfahrungen und ihre Expertise im Netz sprechen und diskutieren. Es werden die dunklen und auch die schönen Seiten beleuchtet – das Tagesprogramm reicht von Hass bis zu Humor im Internet. Der Titel der Veranstaltung lautet „Das Netz, das wir wollen“. Gemeinsam soll über den Status quo im Internet diskutiert werden, aber auch die Frage aufgeworfen werden: Wie soll das Internet in Zukunft aussehen?</p>
<p>Unterstützt wird die Digitalkonferenz videotechnisch von <a href="http://www.newsroom.gmbh/" target="_blank" rel="noopener">Newsroom GmbH</a></p>
<p><strong>Tagungsprogramm:</strong></p>
<table width="609">
<tbody>
<tr>
<td width="85">
<p style="text-align: right;">9 Uhr:</p>
</td>
<td width="19"></td>
<td width="505">Einlass</td>
</tr>
<tr>
<td width="85">
<p style="text-align: right;">9.30 Uhr:</p>
</td>
<td width="19"></td>
<td width="505">Eröffnung seitens der VHS Wiener Urania &amp; Digital Champion Austria</td>
</tr>
<tr>
<td width="85">
<p style="text-align: right;">9.45 Uhr:</p>
</td>
<td width="19"><strong> </strong></td>
<td width="505">Vorstellung des zweiten Digitalreports, Input von Ingrid Brodnig</td>
</tr>
<tr>
<td width="85">
<p style="text-align: right;">10.15 Uhr:</p>
</td>
<td width="19"></td>
<td width="505"><a href="http://gutjahr.biz/" target="_blank" rel="noopener">Journalist Richard Gutjahr</a>: HASS. Das digitale Gift</td>
</tr>
<tr>
<td width="85">
<p style="text-align: right;">11.15 Uhr:</p>
</td>
<td width="19"></td>
<td width="505"><a href="https://noyb.eu/team" target="_blank" rel="noopener">Jurist Max Schrems</a>: Die Internetriesen und wir – wie wir Daten schützen können</td>
</tr>
<tr>
<td width="85">
<p style="text-align: right;">12 Uhr:</p>
</td>
<td width="19"></td>
<td width="505">Mittagspause</td>
</tr>
<tr>
<td width="85">
<p style="text-align: right;">13 Uhr:</p>
</td>
<td width="19"></td>
<td width="505"><a href="http://stefaniesargnagel.tumblr.com/" target="_blank" rel="noopener">Schriftstellerin Stefanie Sargnagel</a>: über unlustige und lustige Seiten des Internets</td>
</tr>
<tr>
<td width="85">
<p style="text-align: right;">13.30 Uhr:</p>
</td>
<td width="19"></td>
<td width="505"><a href="https://dietagespresse.com/" target="_blank" rel="noopener">Fritz Jergitsch (Gründer der „Tagespresse“)</a> und <a href="http://stefaniesargnagel.tumblr.com/" target="_blank" rel="noopener">Stefanie Sargnagel</a>: Diskussion über Humor im Netz</td>
</tr>
<tr>
<td width="85">
<p style="text-align: right;">14.30 Uhr:</p>
</td>
<td width="19"></td>
<td width="505"><a href="https://codeweek.at/" target="_blank" rel="noopener">CodeWeek</a> und <a href="https://neuwal.com/" target="_blank" rel="noopener">neuwal</a> – zwei ambitionierte Projekte aus dem Netz kurz vorgestellt</td>
</tr>
<tr>
<td width="85">
<p style="text-align: right;">14.45 Uhr:</p>
</td>
<td width="19"></td>
<td width="505"><a href="https://www.brandstaetterverlag.com/buch/feministin-sagt-man-nicht" target="_blank" rel="noopener">Autorin Hanna Herbst</a> im Gespräch: Macht das Netz Frauen mächtiger oder ohnmächtiger?</td>
</tr>
<tr>
<td width="85">
<p style="text-align: right;">16 Uhr:</p>
</td>
<td width="19"></td>
<td width="505">Ende</td>
</tr>
</tbody>
</table>
<p>Moderation: <a href="http://www.missing-link.media" target="_blank" rel="noopener">Eva Weissenberger</a></p>
<p>Einzelne Videos werden im Anschluss veröffentlicht – Kooperationspartner: Newsroom GmbH</p>
<p> </p>
<p><strong>Der Eintritt ist frei! Eine Anmeldung ist erforderlich unter <a href="mailto:urania@vhs.at" target="_blank" rel="noopener">urania@vhs.at</a></strong></p>
<p><span style="color: #ff0000;"><strong>UPDATE: Beim Einlass bitte die Anmeldungsbestätigung ausgedruckt mitbringen – die Veranstaltung ist ausgebucht</strong></span></p>
<p>Ort: VHS Wiener Urania, Uraniastraße 1, Dachsaal</p>
<p><span style="color: #000000;">Hashtag: #DigitalkonferenzAT</span></p>
<p> </p>
<p>Flyer:</p>
<p><a href="https://www.digitalreport.at/wp-content/uploads/2018/08/Hinweis-Digitalkonferenz.jpg"><div style="width: 203px;" data-width="203" class="ratio-wrap-left"><div class="ratio-box" style="padding-bottom: 141.37931034483% !important;"><img loading="lazy" decoding="async" class="alignleft wp-image-355 lazyload" alt="" width="203" height="287" data-src="https://www.digitalreport.at/wp-content/uploads/2018/08/Hinweis-Digitalkonferenz-870x1230.jpg"></img></div></div></a></p>
<p> </p>
<p> </p>
<p> </p>
<p> </p>
<p> </p>
<p> </p>
<p> </p>
<p> </p>
<p> </p>
<p> </p>
<p> </p>
<p><em>Fotocredits: Ingo Pertramer (Hanna Herbst), Manfred Werner/CC-BY-SA 3.0 (Fritz Jergitsch), Mathias Vietmeier (Richard Gutjahr), europe-v-facebook.org (Max Schrems), Alexander Goll (Stefanie Sargnagel)</em></p>

<p>Das Netz, das wir wollen! &#13; Tagung für interessierte Bürgerinnen und Bürger Es ist so weit! Am 1. Oktober findet die Digitalkonferenz <span><a class="read-more" href="https://www.digitalreport.at/report-youtube/digitalkonferenz/">Read More</a></span></p>
